{"id":31,"date":"2025-01-22T01:25:13","date_gmt":"2025-01-22T00:25:13","guid":{"rendered":"https:\/\/zsp.lbo1.pl\/Woj\/wordpress\/?page_id=31"},"modified":"2025-01-27T20:32:36","modified_gmt":"2025-01-27T19:32:36","slug":"odjazdy-autobusow","status":"publish","type":"page","link":"https:\/\/zsp.lbo1.pl\/Woj\/wordpress\/index.php\/odjazdy-autobusow\/","title":{"rendered":"Odjazdy Autobus\u00f3w"},"content":{"rendered":"\t\t<div data-elementor-type=\"wp-page\" data-elementor-id=\"31\" class=\"elementor elementor-31\">\n\t\t\t\t<div class=\"elementor-element elementor-element-4d6f039 e-flex e-con-boxed e-con e-parent\" data-id=\"4d6f039\" data-element_type=\"container\">\n\t\t\t\t\t<div class=\"e-con-inner\">\n\t\t\t\t<div class=\"elementor-element elementor-element-88d3e88 elementor-widget elementor-widget-html\" data-id=\"88d3e88\" data-element_type=\"widget\" data-widget_type=\"html.default\">\n\t\t\t\t<div class=\"elementor-widget-container\">\n\t\t\t\t\t<!DOCTYPE html>\n<html lang=\"pl\">\n<head>\n    <meta charset=\"UTF-8\">\n    <meta name=\"viewport\" content=\"width=device-width, initial-scale=1.0\">\n    <title>Rozk\u0142ad Jazdy Autobus\u00f3w<\/title>\n    <style>\n        body {\n            font-family: Arial, sans-serif;\n            background-color: #f9f9f9;\n            margin: 0;\n            padding: 0;\n        }\n        .container {\n            width: 90%;\n            max-width: 1200px;\n            margin: 20px auto;\n            background-color: #fff;\n            padding: 20px;\n            box-shadow: 0 4px 6px rgba(0, 0, 0, 0.1);\n        }\n        h1, h2 {\n            text-align: center;\n        }\n        table {\n            border-collapse: collapse;\n            width: 100%;\n            margin-bottom: 20px;\n        }\n        th, td {\n            border: 1px solid #ddd;\n            padding: 8px;\n            text-align: left;\n        }\n        th {\n            background-color: #f4f4f4;\n            font-weight: bold;\n        }\n        tr:nth-child(even) {\n            background-color: #f9f9f9;\n        }\n        tr:hover {\n            background-color: #f1f1f1;\n        }\n    <\/style>\n<\/head>\n<body>\n    <div class=\"container\">\n        <h1>Rozk\u0142ad Jazdy Autobus\u00f3w<\/h1>\n        <p>Rozk\u0142ad obowi\u0105zuje od 11 wrze\u015bnia 2023 r.<\/p>\n\n        <h2>Autobus - p. Ignacy Kutko<\/h2>\n        <table>\n            <thead>\n                <tr>\n                    <th>Miejscowo\u015b\u0107<\/th>\n                    <th>Godzina<\/th>\n                <\/tr>\n            <\/thead>\n            <tbody>\n                <tr><td>Rzystnowo<\/td><td>7:05<\/td><\/tr>\n                <tr><td>Miodowice<\/td><td>7:07<\/td><\/tr>\n                <tr><td>Zabierzewo<\/td><td>7:10<\/td><\/tr>\n                <tr><td>Brzozowo g\u00f3rka<\/td><td>7:35<\/td><\/tr>\n                <tr><td>Brzozowo przystanek<\/td><td>7:40<\/td><\/tr>\n                <tr><td>Ostromice<\/td><td>7:30<\/td><\/tr>\n                <tr><td>Kartlewo<\/td><td>7:25<\/td><\/tr>\n            <\/tbody>\n        <\/table>\n\n        <h2>Autobus - p. Krzysztof Rabikowski<\/h2>\n        <table>\n            <thead>\n                <tr>\n                    <th>Miejscowo\u015b\u0107<\/th>\n                    <th>Godzina<\/th>\n                <\/tr>\n            <\/thead>\n            <tbody>\n                <tr><td>\u0141o\u017anica<\/td><td>6:55<\/td><\/tr>\n                <tr><td>Budzieszewice<\/td><td>7:00<\/td><\/tr>\n                <tr><td>Dzieszkowo<\/td><td>7:05<\/td><\/tr>\n                <tr><td>Dzisna<\/td><td>7:10<\/td><\/tr>\n                <tr><td>Babigoszcz<\/td><td>7:15<\/td><\/tr>\n            <\/tbody>\n        <\/table>\n\n        <h2>Autobus - p. Zenon Gugulski<\/h2>\n        <table>\n            <thead>\n                <tr>\n                    <th>Miejscowo\u015b\u0107<\/th>\n                    <th>Godzina<\/th>\n                <\/tr>\n            <\/thead>\n            <tbody>\n                <tr><td>Czarnog\u0142owy<\/td><td>7:00<\/td><\/tr>\n                <tr><td>\u015awi\u0119toszewko<\/td><td>7:05<\/td><\/tr>\n                <tr><td>Moracz<\/td><td>7:10<\/td><\/tr>\n                <tr><td>Leszczno<\/td><td>7:15<\/td><\/tr>\n                <tr><td>Rokita<\/td><td>7:20<\/td><\/tr>\n            <\/tbody>\n        <\/table>\n\n        <h2>Odjazdy ze szko\u0142y<\/h2>\n        <p>Rok szkolny 2023\/2024<\/p>\n\n        <h3>Autobus - p. Ignacy Kutko<\/h3>\n        <table>\n            <thead>\n                <tr>\n                    <th><\/th>\n                    <th>Po 5 lekcji<\/th>\n                    <th>Po 6 lekcji<\/th>\n                    <th>Po 7 lekcji<\/th>\n                    <th>Po 8 lekcji<\/th>\n                <\/tr>\n            <\/thead>\n            <tbody>\n                <tr>\n                    <td>Poniedzia\u0142ek<\/td>\n                    <td>X<\/td>\n                    <td>12:45<br>Rzystnowo, Kartlewo, Ostromice<\/td>\n                    <td>X<\/td>\n                    <td>14:35<br>Kartlewo, Ostromice, Rzystnowo<\/td>\n                <\/tr>\n                <tr>\n                    <td>Wtorek<\/td>\n                    <td>X<\/td>\n                    <td>12:45<br>Rzystnowo, Kartlewo, Ostromice<\/td>\n                    <td>X<\/td>\n                    <td>14:35<br>Kartlewo, Ostromice, Rzystnowo<\/td>\n                <\/tr>\n                <tr>\n                    <td>\u015aroda<\/td>\n                    <td>X<\/td>\n                    <td>12:45<br>Rzystnowo, Kartlewo, Ostromice<\/td>\n                    <td>X<\/td>\n                    <td>14:35<br>Kartlewo, Ostromice, Rzystnowo<\/td>\n                <\/tr>\n                <tr>\n                    <td>Czwartek<\/td>\n                    <td>X<\/td>\n                    <td>12:45<br>Rzystnowo, Kartlewo, Ostromice<\/td>\n                    <td>13:40<br>Rzystnowo, Kartlewo, Ostromice<\/td>\n                    <td>14:35<br>Kartlewo, Ostromice, Rzystnowo<\/td>\n                <\/tr>\n                <tr>\n                    <td>Pi\u0105tek<\/td>\n                    <td>11:50<br>Rzystnowo, Kartlewo, Ostromice<\/td>\n                    <td>12:45<br>Rzystnowo, Kartlewo, Ostromice<\/td>\n                    <td>X<\/td>\n                    <td>14:35<br>Kartlewo, Ostromice, Rzystnowo<\/td>\n                <\/tr>\n            <\/tbody>\n        <\/table>\n\n        <h3>Autobus w kierunku Czarnog\u0142owy - \u0141o\u017anica<\/h3>\n        <table>\n            <thead>\n                <tr>\n                    <th><\/th>\n                    <th>Po 5 lekcji<\/th>\n                    <th>Po 6 lekcji<\/th>\n                    <th>Po 7 lekcji<\/th>\n                    <th>Po 8 lekcji<\/th>\n                <\/tr>\n            <\/thead>\n            <tbody>\n                <tr>\n                    <td>Poniedzia\u0142ek<\/td>\n                    <td>12:45<br>Rokita, \u015awi\u0119toszewko, \u0141o\u017anica, Babigoszcz<\/td>\n                    <td>X<\/td>\n                    <td>14:35<br>\u0141o\u017anica, Babigoszcz, Dzisna, Budzieszewice<\/td>\n                    <td>X<\/td>\n                <\/tr>\n                <tr>\n                    <td>Wtorek<\/td>\n                    <td>12:45<br>Rokita, \u015awi\u0119toszewko, \u0141o\u017anica, Babigoszcz<\/td>\n                    <td>X<\/td>\n                    <td>14:35<br>Rokita, \u015awi\u0119toszewko, \u0141o\u017anica, Babigoszcz<\/td>\n                    <td>15:25<br>Rokita, \u015awi\u0119toszewko, \u0141o\u017anica, Babigoszcz<\/td>\n                <\/tr>\n                <tr>\n                    <td>\u015aroda<\/td>\n                    <td>12:45<br>Rokita, \u015awi\u0119toszewko, \u0141o\u017anica, Babigoszcz<\/td>\n                    <td>X<\/td>\n                    <td>14:35<br>Rokita, \u015awi\u0119toszewko, \u0141o\u017anica, Babigoszcz<\/td>\n                    <td>15:25<br>Rokita, \u015awi\u0119toszewko, \u0141o\u017anica, Babigoszcz<\/td>\n                <\/tr>\n                <tr>\n                    <td>Czwartek<\/td>\n                    <td>12:45<br>Rokita, \u015awi\u0119toszewko, \u0141o\u017anica, Babigoszcz<\/td>\n                    <td>X<\/td>\n                    <td>14:35<br>Rokita, \u015awi\u0119toszewko, \u0141o\u017anica, Babigoszcz<\/td>\n                    <td>X<\/td>\n                <\/tr>\n                <tr>\n                    <td>Pi\u0105tek<\/td>\n                    <td>12:45<br>Rokita, \u015awi\u0119toszewko, \u0141o\u017anica, Babigoszcz<\/td>\n                    <td>X<\/td>\n                    <td>14:35<br>\u0141o\u017anica, Babigoszcz, Dzisna, Budzieszewice<\/td>\n                    <td>X<\/td>\n                <\/tr>\n            <\/tbody>\n        <\/table>\n    <\/div>\n<\/body>\n<\/html>\n\t\t\t\t<\/div>\n\t\t\t\t<\/div>\n\t\t\t\t\t<\/div>\n\t\t\t\t<\/div>\n\t\t\t\t<\/div>\n\t\t","protected":false},"excerpt":{"rendered":"<p>Rozk\u0142ad Jazdy Autobus\u00f3w Rozk\u0142ad Jazdy Autobus\u00f3w Rozk\u0142ad obowi\u0105zuje od 11 wrze\u015bnia 2023 r. Autobus &#8211; p. Ignacy Kutko Miejscowo\u015b\u0107 Godzina Rzystnowo 7:05 Miodowice 7:07 Zabierzewo 7:10 Brzozowo g\u00f3rka 7:35 Brzozowo<\/p>\n<div class=\"more-link\">\n\t\t\t\t <a href=\"https:\/\/zsp.lbo1.pl\/Woj\/wordpress\/index.php\/odjazdy-autobusow\/\" class=\"link-btn\"><span>Czytaj dalej <\/span> <i class=\"icofont-thin-double-right\"><\/i><\/a>\n\t\t\t<\/div>\n","protected":false},"author":1,"featured_media":0,"parent":0,"menu_order":0,"comment_status":"closed","ping_status":"closed","template":"","meta":{"_price":"","_stock":"","_tribe_ticket_header":"","_tribe_default_ticket_provider":"","_tribe_ticket_capacity":"0","_ticket_start_date":"","_ticket_end_date":"","_tribe_ticket_show_description":"","_tribe_ticket_show_not_going":false,"_tribe_ticket_use_global_stock":"","_tribe_ticket_global_stock_level":"","_global_stock_mode":"","_global_stock_cap":"","_tribe_rsvp_for_event":"","_tribe_ticket_going_count":"","_tribe_ticket_not_going_count":"","_tribe_tickets_list":"[]","_tribe_ticket_has_attendee_info_fields":false,"footnotes":"","_tec_slr_enabled":"","_tec_slr_layout":""},"class_list":["post-31","page","type-page","status-publish","hentry"],"ticketed":false,"_links":{"self":[{"href":"https:\/\/zsp.lbo1.pl\/Woj\/wordpress\/index.php\/wp-json\/wp\/v2\/pages\/31","targetHints":{"allow":["GET"]}}],"collection":[{"href":"https:\/\/zsp.lbo1.pl\/Woj\/wordpress\/index.php\/wp-json\/wp\/v2\/pages"}],"about":[{"href":"https:\/\/zsp.lbo1.pl\/Woj\/wordpress\/index.php\/wp-json\/wp\/v2\/types\/page"}],"author":[{"embeddable":true,"href":"https:\/\/zsp.lbo1.pl\/Woj\/wordpress\/index.php\/wp-json\/wp\/v2\/users\/1"}],"replies":[{"embeddable":true,"href":"https:\/\/zsp.lbo1.pl\/Woj\/wordpress\/index.php\/wp-json\/wp\/v2\/comments?post=31"}],"version-history":[{"count":4,"href":"https:\/\/zsp.lbo1.pl\/Woj\/wordpress\/index.php\/wp-json\/wp\/v2\/pages\/31\/revisions"}],"predecessor-version":[{"id":134,"href":"https:\/\/zsp.lbo1.pl\/Woj\/wordpress\/index.php\/wp-json\/wp\/v2\/pages\/31\/revisions\/134"}],"wp:attachment":[{"href":"https:\/\/zsp.lbo1.pl\/Woj\/wordpress\/index.php\/wp-json\/wp\/v2\/media?parent=31"}],"curies":[{"name":"wp","href":"https:\/\/api.w.org\/{rel}","templated":true}]}}